se 6) to base 10
5797256
Convert -b2bbc (base 14) to base 8.
-1510462
Convert fcec9 (base 16) to base 11.
648388
Convert ac3ab7 (base 14) to base 3.
102000012010022
What is -524972 (base 14) in base 9?
-5204706
-11011001000100110010001 (base 2) to base 7
-114313626
Convert 685d (base 15) to base 7.
121354
23a35 (base 13) to base 6
1222555
19355211 (base 10) to base 4
1021311121023
Convert a58840 (base 11) to base 10.
1695375
122203003 (base 4) to base 12
52b17
What is c38a (base 13) in base 3?
1101000110
Convert -26cc15 (base 13) to base 10.
-942362
-7c22b (base 15) to base 11
-250054
Convert 12002001202110 (base 3) to base 5.
1142312402
-24516041 (base 7) to base 3
-11011002100022
Convert -12771aa (base 12) to base 11.
-2067735
60203212 (base 7) to base 5
2233213013
Convert 153070 (base 8) to base 4.
31120320
Convert -552685 (base 9) to base 12.
-13b01b
Convert 630b3 (base 15) to base 4.
1030222323
Convert 845944 (base 10) to base 14.
180408
Convert 210342304 (base 6) to base 13.
9b5861
Convert -537101 (base 8) to base 6.
-3504145
1100121200100 (base 3) to base 5
141030442
What is -10101101111000001000 (base 2) in base 13?
-1bc228
What is -60446 (base 11) in base 6?
-1521100
ba0843 (base 12) to base 9
5478676
Convert 7410235 (base 8) to base 12.
7b02a5
-110000110101010011111 (base 2) to base 13
-440452
6970 (base 13) to base 14
556a
-22351 (base 7) to base 3
-21210001
What is 409dd5 (base 14) in base 2?
1000010011111010100111
Convert -177329 (base 12) to base 2.
-1100011010000010001
-338299 (base 15) to base 16
-257ffa
Convert -1b1d2b (base 14) to base 2.
-11101011110001100011
ab679 (base 12) to base 16
377fd
-3848478 (base 10) to base 5
-1441122403
-11a7635 (base 11) to base 5
-1013322403
78114 (base 11) to base 9
182336
11863741 (base 9) to base 10
5828959
Convert c7ecbe (base 15) to base 11.
54102a2
106111005 (base 7) to base 8
30604213
Convert -1012121011212 (base 3) to base 12.
-26b3ab
Convert 245ab72 (base 13) to base 6.
1042152205
Convert 433313 (base 5) to base 2.
11100111110001
-17b726 (base 12) to base 3
-210000221110
Convert 3142 (base 11) to base 5.
113120
What is -97052a (base 13) in base 14?
-682d9b
1544512 (base 8) to base 15
8bb9b
-3765a (base 13) to base 3
-12012010101
Convert -96228 (base 13) to base 11.
-175343
10000101111110100110100 (base 2) to base 12
1578758
114600 (base 8) to base 7
222365
Convert 124605611 (base 7) to base 14.
10bc178
What is 2010100010 (base 3) in base 11?
2944a
What is 44512425 (base 7) in base 12?
1359289
What is -2199b (base 14) in base 9?
-133680
What is 86452 (base 11) in base 9?
211326
-3133243412 (base 5) to base 12
-2235002
Convert 11000101010001000 (base 2) to base 15.
1edd5
What is -2342a (base 11) in base 16?
-83ff
-b4079 (base 12) to base 9
-387443
Convert 101000111111111001101 (base 2) to base 4.
11013333031
Convert -1206185 (base 10) to base 12.
-4a2035
Convert -11144443 (base 5) to base 8.
-303236
824b7 (base 13) to base 2
111001000011101100
Convert 2421014 (base 7) to base 15.
61272
-c00208 (base 15) to base 6
-523153342
What is 12d20d (base 14) in base 16?
9eded
-320223 (base 7) to base 6
-1104110
Convert 16611c (base 13) to base 4.
2013300003
What is -c3684 (base 14) in base 2?
-1110010110111110100
What is -582676 (base 9) in base 5?
-42142441
Convert 15a839 (base 12) to base 2.
1011010100100101101
What is -22342354 (base 6) in base 14?
-13a8d8
135444224 (base 6) to base 12
b26674
What is -249764 (base 11) in base 3?
-201222212101
What is -405474 (base 8) in base 5?
-13241243
-5010412 (base 6) to base 11
-15039a
a192ab (base 15) to base 8
35216741
221970 (base 12) to base 11
34043a
What is -412341 (base 13) in base 11?
-948015
What is 4d2c9 (base 14) in base 2?
101110010111010001
Convert 65c0 (base 16) to base 5.
1313143
5a80753 (base 11) to base 8
50304354
-21801 (base 11) to base 9
-47281
What is 1001001000111111100 (base 2) in base 16?
491fc
Convert -26163 (base 11) to base 16.
-9252
What is 10742 (base 16) in base 5?
4124034
-81323 (base 9) to base 16
-d0e9
-204354 (base 8) to base 12
-332b8
What is -36516 (base 12) in base 9?
-121510
Convert -242252 (base 7) to base 5.
-2402124
Convert 323313133 (base 4) to base 6.
5131131
What is c9199 (base 13) in base 4?
1120210300
1c17a4 (base 14) to base 8
3647104
What is 261089 (base 10) in base 7?
2135123
What is 38168 (base 9) in base 13?
b8a9
-1151611 (base 7) to base 4
-203322202
668914 (base 11) to base 8
4041660
428d68 (base 16) to base 5
2104032301
47725607 (base 8) to base 2
100111111010101110000111
Convert -90908 (base 10) to base 8.
-261434
What is 121000222122 (base 3) in base 14?
83063
Convert -3c1376 (base 14) to base 10.
-2077900
Convert 1530613 (base 9) to base 3.
1121000200110
-4401410 (base 5) to base 13
-2831c
Convert 234b9a4 (base 12) to base 2.
11010000001011111001100
What is 6b9b6b (base 15) in base 12?
1882078
-127195 (base 12) to base 13
-a79b4
Convert -11abf6 (base 16) to base 3.
-2011211122212
What is d1277 (base 16) in base 7?
10165440
What is 2a478 (base 15) in base 3?
20220120112
1110022222210 (base 3) to base 12
314040
What is 1110101001110100100 (base 2) in base 13?
13a729
What is -112001103 (base 4) in base 12?
-44243
Convert -2000212101 (base 4) to base 16.
-80991
What is 1a510a5 (base 13) in base 12?
2aa9b78
252a91 (base 11) to base 4
1201132233
-1301144411 (base 5) to base 14
-5bcb56
Convert 196a5c (base 14) to base 10.
902074
What is 365011 (base 9) in base 6?
4415144
Convert 552144 (base 10) to base 7.
4456515
Convert -10442221300 (base 5) to base 11.
-6658046
What is -220210200112 (base 3) in base 16?
-77309
What is 5a420 (base 13) in base 16?
28665
-76586 (base 12) to base 4
-212022312
Convert -1110001111100100110 (base 2) to base 13.
-134590
Convert 908a19 (base 11) to base 7.
15264313
What is 13a9d (base 14) in base 9?
73773
Convert -10dab (base 14) to base 5.
-2303430
Convert 1327752 (base 8) to base 4.
1122333222
54034112 (base 6) to base 2
110000100011100111100
What is 2505626 (base 10) in base 12?
a0a022
What is -2602339 (base 10) in base 9?
-4805657
2b1662 (base 13) to base 5
232410143
What is 3331123203 (base 4) in base 8?
3753343
-50116 (base 10) to base 11
-34720
What is -2204242233 (base 5) in base 2?
-10010001001111000011100
Convert -306604 (base 9) to base 11.
-114825
12201010 (base 8) to base 2
1010010000001000001000
4237333 (base 8) to base 14
215c4b
-146677 (base 10) to base 4
-203303311
What is 56171 (base 11) in base 6?
1424450
-11168357 (base 9) to base 2
-10100101010111111001000
Convert -aa663 (base 15) to base 11.
-33a881
Convert 651b (base 14) to base 12.
a139
Convert -12120121101112 (base 3) to base 10.
-2964398
What is 139f9 (base 16) in base 4?
103213321
Convert -1426566 (base 8) to base 4.
-1202311312
Convert -34d242 (base 16) to base 15.
-485a4d
-4091b (base 13) to base 14
-302a9
What is 100313011223 (base 4) in base 11?
2549854
-23b458 (base 16) to base 15
-3134a3
Convert -2210221212112 (base 3) to base 5.
-340320320
-5130234 (base 7) to base 12
-256476
583651 (base 11) to base 5
214132113
What is 66193 (base 12) in base 4?
200331333
What is 4360056 (base 8) in base 12?
485b52
Convert 2859c (base 13) to base 14.
1d812
Convert -410257 (base 9) to base 8.
-732433
Convert -2f2758 (base 16) to base 9.
-5730036
What is 4877134 (base 9) in base 8?
12066322
Convert -1213514 (base 6) to base 13.
-23395
10121102102022 (base 3) to base 11
109a780
-21021100121 (base 3) to base 8
-427447
-9ab8 (base 14) to base 7
-141121
-7a7865 (base 12) to base 9
-3621045
-150722 (base 14) to base 7
-6134042
Convert 43123 (base 14) to base 13.
58a40
Convert -1133201210 (base 4) to base 10.
-391268
Convert 37076 (base 13) to base 11.
6a003
What is -1000001212100 (base 3) in base 16?
-82140
Convert -1b1b4b (base 12) to base 14.
-c7071
5201551 (base 6) to base 7
2055463
What is -120b7 (base 16) in base 3?
-10202101110
What is 130a2 (base 14) in base 16?
b6c6
Convert 1112101122012 (base 3) to base 9.
1471565
586b5 (base 13) to base 6
3243515
110785 (base 10) to base 7
640663
119049 (base 13) to base 9
708630
Convert 10014313230 (base 5) to base 14.
1461d50
Convert -2221021110212 (base 3) to base 4.
-11330331113
What is 554b9 (base 12) in base 4?
123212031
Convert -11030142 (base 5) to base 12.
-4744